{"id":32,"date":"2021-03-26T08:56:53","date_gmt":"2021-03-26T07:56:53","guid":{"rendered":"https:\/\/uwk-sport.at\/tennis\/?page_id=32"},"modified":"2025-02-15T14:41:57","modified_gmt":"2025-02-15T13:41:57","slug":"klub-regeln","status":"publish","type":"page","link":"https:\/\/uwk-sport.at\/tennis\/klub-regeln\/","title":{"rendered":"Club &#8211; Spielbetrieb"},"content":{"rendered":"\n<h2 class=\"wp-block-heading\">Club<\/h2>\n\n\n\n<p><strong>UWK Tenniscourt<\/strong><br>Rembrandtgasse 5<br>8010 Graz <br>Tel.:<strong> <a href=\"tel:+43316323531\">0316 32 35 31<\/a><\/strong><br>Bankverbindung:&nbsp;Stmk. Sparkasse<br>AT72 2081 5000 0017 2858<\/p>\n\n\n\n<p><strong>Leitung<\/strong>: Werner Sabath<br>Email:<strong> office@uwk.at<br><\/strong>Tel.:<strong> <\/strong><a href=\"tel:+436649604154\">+43 (0)676 423 6446<\/a><\/p>\n\n\n\n<h2 class=\"wp-block-heading\">Spielbetrieb<\/h2>\n\n\n\n<p>Grunds\u00e4tzlich d\u00fcrfen nur ordentliche <strong>Mitglieder<\/strong> (<a href=\"https:\/\/uwk-sport.at\/tennis\/mitglied-werden\/\">Online-Anmeldung<\/a>) des Tennisclubs die Tennispl\u00e4tze benutzen. Ausnahmen gelten f\u00fcr STTV-Meisterschaften, Turnieren und Gasteinladungen. <\/p>\n\n\n\n<p>Die Mitgliedschaft begr\u00fcndet sich aus der schriftlichen bzw. elektronischen Anmeldung und der Bezahlung des Clubbeitrages. <\/p>\n\n\n\n<p>Der normale Tennisbetrieb ist von ungef\u00e4hr Mitte April bis Mitte Oktober (ca. von 8.00 Uhr bis 20.00 Uhr), wobei die Pl\u00e4tze bei Regen und Unbespielbarkeit gesperrt werden. Platzsperren sind im Reservierungssystem ersichtlich und m\u00fcssen unbedingt beachtet werden. Die Tennispl\u00e4tze d\u00fcrfen nur in Tennisschuhen und \u00fcblicher Tennisbekleidung bespielt werden <\/p>\n\n\n\n<p>Jedes UWK \u2013 Mitglied kann die Anlage in der Tennissaison unter Einhaltung folgender Regeln beliebig oft ben\u00fctzen:<\/p>\n\n\n\n<ul class=\"wp-block-list\">\n<li>Es gibt ein Online-Reservierungssystem f\u00fcr alle 6 Pl\u00e4tze<\/li>\n\n\n\n<li>Jedes ordentliche Mitglied kann innerhalb von 14 Tagen bis zu 6 Platzstunden reservieren<\/li>\n\n\n\n<li>Es gibt keine M\u00f6glichkeit, nicht gebrauchte Stunden in das n\u00e4chste 14-Tage-Intervall mitzunehmen<\/li>\n\n\n\n<li>Um eine gute Platzauslastung zu gew\u00e4hrleisten, gilt folgende Sonderregel: Reservierungen, die am selben Tag oder am Vortag get\u00e4tigt werden, belasten das eigene Kontingent NICHT<\/li>\n\n\n\n<li>Leider ist es im letzten Jahr \u00f6fters passiert, dass Pl\u00e4tze reserviert, aber dann nicht bespielt wurden. Wir bitten im Sinne aller Mitglieder, Reservierungen rechtzeitig zu stornieren, wenn man aus irgendwelchen Gr\u00fcnden nicht spielen kann<\/li>\n\n\n\n<li>Pl\u00e4tze sind bei Bedarf f\u00fcr STTV-Meisterschaft, Turniere, Mannschaftstraining und vom Club genehmigte Trainer oder Tenniskurse an bestimmten Tagen freizuhalten. Dies wird in der Regel an der Clubtafel, im Reservierungssystem oder an den Pl\u00e4tzen selbst angek\u00fcndigt<\/li>\n\n\n\n<li>F\u00fcr die Einhaltung der Regeln ist jedes Mitglied verantwortlich<\/li>\n\n\n\n<li>Der Sektionsleiter bzw. die Vorstandsmitglieder sind berechtigt, jederzeit Weisungen im Sinne dieser Regeln zu geben<\/li>\n<\/ul>\n\n\n\n<h2 class=\"wp-block-heading\">Gastspielbetrieb<\/h2>\n\n\n\n<p>Es ist m\u00f6glich, mit Besuchern, Freunden oder Gesch\u00e4ftspartnern (Nichtmitgliedern) gelegentlich bei uns zu spielen, ohne sich auf einer fremden Tennisanlage einmieten zu m\u00fcssen. <\/p>\n\n\n\n<p>Der Ablauf des Gastspielbetriebes wurde wie folgt festgelegt: <\/p>\n\n\n\n<ul class=\"wp-block-list\">\n<li>Die Hauptspielzeit f\u00fcr Gastspieleinladungen ist von&nbsp;Montag bis Freitag, 11:00 bis 15:00 und ab 19:00.<\/li>\n\n\n\n<li>Man kann auch zu anderen Zeiten mit G\u00e4sten spielen, wenn gen\u00fcgend Pl\u00e4tze frei sind, m\u00fcsste aber weichen, wenn sich pl\u00f6tzlich ein Engpass ergibt.<\/li>\n\n\n\n<li>Unser Mitglied \u00fcbernimmt die Verantwortung f\u00fcr den Gast und dessen Auftreten im Club.<\/li>\n\n\n\n<li>Ein UWK-Mitglied kann einen Gast (Single), zwei UWK-Mitglieder k\u00f6nnen ein Doppel einladen.<\/li>\n\n\n\n<li>Clubmitglieder, die den Stillhaltebeitrag zahlen, k\u00f6nnen nicht Gastspieler sein.<\/li>\n\n\n\n<li>Das Clubmitglied entrichtet pro Stunde und Platz \u20ac 7,\u2013 in der Clubkantine.<\/li>\n\n\n\n<li>Weiters tr\u00e4gt das Clubmitglied den Namen des\/der Gastes\/G\u00e4ste samt gespielter Zeit und Datum in dem in der Clubkantine aufliegenden G\u00e4stebuch ein.<\/li>\n\n\n\n<li>Der gleiche Gast kann pro Saison h\u00f6chstens 5 x eingeladen werden!<\/li>\n\n\n\n<li>Die auf unserer Anlage t\u00e4tigen und vom Spartenleiter Tennis genehmigten Tennislehrer sind als Mitglieder zu betrachten. Eventuelle nicht zum Club geh\u00f6rende Tennissch\u00fcler sind daher die Gastspieler.<\/li>\n<\/ul>\n","protected":false},"excerpt":{"rendered":"<p>Club UWK TenniscourtRembrandtgasse 58010 Graz Tel.: 0316 32 35 31Bankverbindung:&nbsp;Stmk. SparkasseAT72 2081 5000 0017 2858 Leitung: Werner SabathEmail: office@uwk.atTel.: +43 (0)676 423 6446 Spielbetrieb Grunds\u00e4tzlich [&#8230;]<\/p>\n","protected":false},"author":1,"featured_media":0,"parent":0,"menu_order":0,"comment_status":"closed","ping_status":"closed","template":"","meta":{"_price":"","_stock":"","_tribe_ticket_header":"","_tribe_default_ticket_provider":"","_tribe_ticket_capacity":"0","_ticket_start_date":"","_ticket_end_date":"","_tribe_ticket_show_description":"","_tribe_ticket_show_not_going":false,"_tribe_ticket_use_global_stock":"","_tribe_ticket_global_stock_level":"","_global_stock_mode":"","_global_stock_cap":"","_tribe_rsvp_for_event":"","_tribe_ticket_going_count":"","_tribe_ticket_not_going_count":"","_tribe_tickets_list":"[]","_tribe_ticket_has_attendee_info_fields":false,"footnotes":"","_tec_slr_enabled":"","_tec_slr_layout":""},"class_list":["post-32","page","type-page","status-publish","hentry"],"ticketed":false,"_links":{"self":[{"href":"https:\/\/uwk-sport.at\/tennis\/wp-json\/wp\/v2\/pages\/32","targetHints":{"allow":["GET"]}}],"collection":[{"href":"https:\/\/uwk-sport.at\/tennis\/wp-json\/wp\/v2\/pages"}],"about":[{"href":"https:\/\/uwk-sport.at\/tennis\/wp-json\/wp\/v2\/types\/page"}],"author":[{"embeddable":true,"href":"https:\/\/uwk-sport.at\/tennis\/wp-json\/wp\/v2\/users\/1"}],"replies":[{"embeddable":true,"href":"https:\/\/uwk-sport.at\/tennis\/wp-json\/wp\/v2\/comments?post=32"}],"version-history":[{"count":9,"href":"https:\/\/uwk-sport.at\/tennis\/wp-json\/wp\/v2\/pages\/32\/revisions"}],"predecessor-version":[{"id":663,"href":"https:\/\/uwk-sport.at\/tennis\/wp-json\/wp\/v2\/pages\/32\/revisions\/663"}],"wp:attachment":[{"href":"https:\/\/uwk-sport.at\/tennis\/wp-json\/wp\/v2\/media?parent=32"}],"curies":[{"name":"wp","href":"https:\/\/api.w.org\/{rel}","templated":true}]}}